posite?
False
Is 3345768191 prime?
False
Is 2474664659 a prime number?
False
Is 5899109187 a prime number?
False
Is 4470934009 a composite number?
True
Is 74886311 prime?
True
Is 11042060647 prime?
True
Is 5412380759 a prime number?
True
Is 31116568841 a prime number?
False
Is 24269095533 a prime number?
False
Is 774284933 a composite number?
True
Is 103854410815 composite?
True
Is 5333145577 prime?
True
Is 70982579 a composite number?
False
Is 557890301 a composite number?
False
Is 1916611381 composite?
False
Is 7988293 a prime number?
True
Is 138951611503 a prime number?
True
Is 10761465839 prime?
True
Is 793871717 composite?
True
Is 18639876401 a prime number?
True
Is 98138883343 composite?
False
Is 116789159 prime?
True
Is 17008139777 prime?
True
Is 912897743 composite?
False
Is 16446643669 a composite number?
False
Is 886307713 a composite number?
True
Is 547079677 a composite number?
True
Is 19880949485 composite?
True
Is 2393713061 a prime number?
False
Is 211972643 prime?
False
Is 1636487183 prime?
True
Is 44106470297 a prime number?
True
Is 7702953833 a prime number?
False
Is 75742571 a composite number?
True
Is 19632386855 prime?
False
Is 12292543717 prime?
True
Is 1406633377 a composite number?
True
Is 55217093 a prime number?
True
Is 270769601 prime?
False
Is 620299187 prime?
True
Is 37256659049 prime?
False
Is 28509355643 a composite number?
False
Is 741956153 prime?
False
Is 173404631687 prime?
False
Is 17091922403 a prime number?
False
Is 60421357 composite?
True
Is 2303358241 a prime number?
False
Is 291356138299 prime?
True
Is 77571817 prime?
True
Is 4958362837 composite?
False
Is 919976633 composite?
False
Is 2639441443 a composite number?
True
Is 14165462357 a composite number?
False
Is 24639606821 a composite number?
True
Is 309647615 a prime number?
False
Is 13942869373 a prime number?
True
Is 378790717 a composite number?
False
Is 46567027183 a prime number?
True
Is 3550470797 prime?
False
Is 5962349611 prime?
True
Is 4015178633 composite?
False
Is 7730009801 a composite number?
False
Is 183124673 composite?
True
Is 7451873281 prime?
True
Is 7482087433 prime?
False
Is 4847688911 composite?
True
Is 1764015073 a composite number?
True
Is 58034629789 composite?
True
Is 154594739927 prime?
False
Is 9346863181 composite?
False
Is 5825370191 a composite number?
False
Is 18195821243 prime?
True
Is 580492499 prime?
True
Is 789754153 a composite number?
True
Is 1135590041 a composite number?
True
Is 742245481 composite?
False
Is 3155083597 a prime number?
False
Is 37437307471 prime?
True
Is 361366141 a composite number?
False
Is 158232355 a composite number?
True
Is 5444463557 a composite number?
True
Is 212422269821 composite?
False
Is 53526595229 prime?
False
Is 24537887705 prime?
False
Is 734897843 a composite number?
False
Is 208450927 a prime number?
False
Is 6017814937 a composite number?
False
Is 49443827649 prime?
False
Is 14179597271 a composite number?
True
Is 289156471 a composite number?
False
Is 1045012489 composite?
False
Is 92289824443 a composite number?
False
Is 90279901 a prime number?
True
Is 77980221113 a composite number?
False
Is 2059231381 a prime number?
False
Is 153022663 composite?
False
Is 1710119729 a prime number?
True
Is 7382736341 composite?
False
Is 2279890031 composite?
False
Is 1808778533 a prime number?
True
Is 14210487181 composite?
True
Is 1999371403 composite?
True
Is 22458102803 a prime number?
False
Is 1699483 a prime number?
False
Is 3309261533 composite?
True
Is 1026390907 composite?
False
Is 2551466201 a composite number?
True
Is 2631754183 composite?
False
Is 91206312117 prime?
False
Is 9023144293 a composite number?
True
Is 5998166359 composite?
False
Is 715260103 a prime number?
True
Is 3337347527 prime?
True
Is 9232324483 prime?
True
Is 2552158933 prime?
True
Is 884345359 a composite number?
True
Is 38544340271 composite?
True
Is 655836465601 a prime number?
True
Is 1505237183 a prime number?
False
Is 1651905719 composite?
True
Is 130560389393 a composite number?
True
Is 89990519 prime?
True
Is 54816714817 prime?
False
Is 134059243 composite?
True
Is 54829835833 composite?
False
Is 880874069 prime?
True
Is 68493197131 a composite number?
False
Is 30962640089 prime?
False
Is 6382985923 a composite number?
False
Is 11977093099 a prime number?
False
Is 8987648963 prime?
False
Is 27396803549 a prime number?
True
Is 8583685927 a prime number?
False
Is 4124583587 a prime number?
True
Is 64898426555 a prime number?
False
Is 504828047 composite?
True
Is 8740764367 prime?
False
Is 109865827 a composite number?
False
Is 10475654477 a composite number?
False
Is 12744693751 a prime number?
False
Is 732053593 prime?
True
Is 10272454489 prime?
False
Is 17964107911 a composite number?
True
Is 29118952541 prime?
False
Is 59265819983 composite?
False
Is 23182064657 a composite number?
True
Is 1197264421 composite?
True
Is 7200003838 prime?
False
Is 6403910549 prime?
True
Is 63280960111 prime?
False
Is 458243837 a prime number?
False
Is 38264928854 composite?
True
Is 56776789723 prime?
False
Is 417356399 a prime number?
False
Is 14472107189 a composite number?
True
Is 14128878251 composite?
True
Is 2290286369 prime?
False
Is 282688573 composite?
False
Is 122914635749 a prime number?
False
Is 4521921077 prime?
False
Is 23228776283 a composite number?
False
Is 3898833407 composite?
True
Is 62003141 a prime number?
True
Is 10295244811 composite?
False
Is 2263474189 prime?
True
Is 107405477 composite?
True
Is 69930470257 composite?
False
Is 1299190381 prime?
False
Is 8383755287 prime?
True
Is 3348918439 a prime number?
False
Is 83993417 prime?
True
Is 22389912887 a prime number?
True
Is 2645292011 a prime number?
False
Is 9741756811 composite?
False
Is 48633218327 a prime number?
False
Is 187319717419 prime?
False
Is 5701237667 composite?
True
Is 23845131367 prime?
False
Is 206811413157 prime?
False
Is 4986104551 prime?
False
Is 65000698523 a prime number?
True
Is 24308343931 a prime number?
True
Is 3231084613 a composite number?
True
Is 280500503 a prime number?
True
Is 5516885587 composite?
False
Is 6531397097 prime?
True
Is 707513329 a composite number?
False
Is 1775022809 prime?
False
Is 39823327 a composite number?
True
Is 512276869 prime?
False
Is 16329790599 a prime number?
False
Is 32497585343 prime?
False
Is 39630209149 a composite number?
True
Is 26617032257 a prime number?
False
Is 254997995179 a composite number?
False
Is 13789542991 a composite number?
True
Is 2196551887 a prime number?
False
Is 419391601 a composite number?
False
Is 1296763219 a composite number?
False
Is 1242221731 a prime number?
False
Is 5504331193 prime?
True
Is 519956657 a composite number?
True
Is 9589689013 a prime number?
True
Is 678873581 a prime number?
True
Is 11422694321 composite?
True
Is 1914025093 a composite number?
True
Is 865466531 a prime number?
True
Is 533127657 prime?
False
Is 331026461 prime?
True
Is 3771539735 composite?
True
Is 12045907949 a composite number?
False
Is 35311681151 composite?
False
Is 76268809409 a prime number?
False
Is 5902351621 a prime number?
False
Is 911563431 a prime number?
False
Is 1512863041 composite?
False
Is 2755038919 composite?
True
Is 157233554 a composite number?
True
Is 75398677001 a composite number?
False
Is 11213159737 a prime number?
False
Is 220304243 a composite number?
False
Is 16967626751 composite?
True
Is 297835626037 a prime number?
True
Is 1631561929 prime?
False
Is 19760344529 a composite number?
False
Is 22209408943 composite?
True
Is 1598776037 composite?
False
Is 230316761 a prime number?
True
Is 10185071306 a composite number?
True
Is 10255957849 composite?
False
Is 22059158123 a composite number?
True
Is 371044292345 composite?
True
Is 2060521673 a composite number?
True
Is 457000615 composite?
True
Is 253484789 prime?
True
Is 1072947999949 prime?
False
Is 470132533 a composite number?
True
Is 450191283 composite?
True
Is 277052987 a composite number?
True
Is 6185075249 composite?
True
Is 3019430651 prime?
True
Is 121689257 composite?
False
Is 85260081 prime?
False
Is 3019369033 a prime number?
False
Is 4198085629 a composite number?
False
Is 108001698443 a prime number?
True
Is 70049249 a composite number?
True
Is 1394469977 a composite number?
